 55, -4*n = -5*q - 229. List the prime factors of 4/30 - 5259/q.
3, 13
Suppose 0 = 2*o - 2*x + 8, -3*x + 20 = o - 6*o. Let n(f) = f**2 - 4*f + 5. Let b be n(o). Suppose -1 = -v + b. List the prime factors of v.
2, 19
Let c = 1012 - 628. What are the prime factors of c?
2, 3
Suppose -3*c = 2*j - 11010, -8*c + 5*j = -3*c - 18350. What are the prime factors of c?
2, 5, 367
Suppose -3*u + 32 = -5*c, 4*c + 1 + 3 = -3*u. Suppose -2*t - 4 = 0, -38 = -u*l - 3*t - 0. List the prime factors of l.
11
Let f(a) = -2*a**2 - a - 47. Let t be f(0). Let g = t - -113. List the prime factors of g.
2, 3, 11
Let d(c) = 2*c - 5. Let i be d(4). Suppose -y + i*y - 314 = 0. Suppose 3*g = -n + 6*n + y, -3*g + 185 = 2*n. List the prime factors of g.
59
Let w(o) = 3*o**2 - 5*o - 11. Let z(y) = y**2 - 2*y - 4. Suppose 34 = -3*u + 1. Let l(h) = u*z(h) + 4*w(h). List the prime factors of l(-5).
3, 5
Let v(k) = k. Let t(n) be the third derivative of -7*n**4/24 - n**3/6 + 4*n**2. Let o(g) = -t(g) + 6*v(g). What are the prime factors of o(2)?
3
Let m be (-8)/(-6)*(-36)/(-8)*-12. Let c = 107 + m. What are the prime factors of c?
5, 7
Suppose 0*s - 9716 = -14*s. What are the prime factors of s?
2, 347
Let x(k) = -k**3 + 8*k + 3. Let l be x(-6). Let u = l - 95. What are the prime factors of u?
2, 19
Let b(y) = y**2 - 4*y + 8. Let h = 25 - 19. List the prime factors of b(h).
2, 5
Let r(z) = 3*z**2 + 4*z + 22. Let l be r(9). Let i = l + -209. List the prime factors of i.
2, 23
Let n be (45/(-6)*(-16)/20)/2. Let j(k) = 3*k**3 - k**2 - 3*k + 7. What are the prime factors of j(n)?
2, 5, 7
List the prime factors of ((-4202)/55)/(((-12)/(-15))/(-4)).
2, 191
Suppose 3*k = 8*k. Let d = k + 83. What are the prime factors of d?
83
Suppose 0 = 5*a - 2*u + 105, -3*a - 25 = 5*u + 69. Let l be 0 + 0 + (-44 - 0). Let s = a - l. What are the prime factors of s?
3, 7
Let k = -19 - -29. Suppose -k = -v - 2. Let n(b) = -b**2 + 9*b - 6. List the prime factors of n(v).
2
Suppose -6 = -3*y - 3. Let k(a) = -a**3 + 6*a**2 + 10*a - 2. Let p be k(7). Suppose 2*u - p + y = 0. What are the prime factors of u?
3
Suppose x + x + 15 = 5*m, -x = 4*m - 12. Suppose x = -4*f + 436 + 20. List the prime factors of f.
2, 3, 19
Suppose 0 = -41*g + 37*g + 232. Let z = 36 + g. What are the prime factors of z?
2, 47
Suppose -2*y + 4*y + n + 31 = 0, 3*y + 2*n + 48 = 0. Let i = 1 - y. Suppose 145 = 5*j + i. List the prime factors of j.
2, 13
Let a be (-14)/(-12) - (-13)/(-78). Let r = 26 - a. Suppose r + 11 = 2*k. What are the prime factors of k?
2, 3
Suppose 16*d - 3 = 17*d. Let r = 99 - d. List the prime factors of r.
2, 3, 17
Suppose u = 2*l + 791, 0 = l + u + 265 + 132. Let g = l + 583. What are the prime factors of g?
11, 17
Suppose 3*m - 537 = 4*n + 4336, 4*m - 6487 = -5*n. List the prime factors of m.
3, 541
Let d = -12 - -1. Let k = -10 - d. List the prime factors of 1 + (-2 - k) + 13.
11
Let d(a) = 12*a**2 + 1 + 4*a + 12*a**2 - 26*a**2 + 3*a**3. List the prime factors of d(3).
2, 19
Let i(b) be the first derivative of 11*b**2/2 + 28*b - 30. What are the prime factors of i(14)?
2, 7, 13
Suppose 2117 = 4*j + 3*d, 4*d + 1052 = 2*j + 12*d. List the prime factors of j.
2, 5, 53
Let k(b) = 4*b**2 + 75*b - 53. List the prime factors of k(-26).
701
Suppose 1 - 4 = -i. Suppose -i*w + 3 = -3. Suppose w*k = 4*k - 84. List the prime factors of k.
2, 3, 7
Let h be ((-14)/21)/(4/(-6)). Let a be 0*h/(-3) + -6. List the prime factors of (4/a)/(5/(-60)).
2
Let w(y) = -145*y + 13. List the prime factors of w(-13).
2, 13, 73
Let w(p) = 15*p**2 + 4*p + 4. Let q(d) = -d - 8. Let i be q(-6). What are the prime factors of w(i)?
2, 7
List the prime factors of 76328/35 + -6 + 8/(-10).
2, 1087
List the prime factors of 7/(21/(-9264))*(-11)/22.
2, 193
Let x(d) = -d**2 + 3*d + 4 + 65 + 123 - 21. What are the prime factors of x(0)?
3, 19
Let q(u) = 23*u - 2. Let a be q(1). Suppose -6*s + 105 = -a. What are the prime factors of s?
3, 7
Let x(s) be the third derivative of s**5/30 + 13*s**4/24 - 8*s**3/3 - 2*s**2. Suppose -5*m - 6 = -f - 0, 3*f = 5*m - 12. What are the prime factors of x(f)?
29
Suppose i - 2*i + 478 = 0. List the prime factors of i.
2, 239
Let k(p) = -481*p - 5. Let i be k(-1). Suppose 56 = -5*w + i. List the prime factors of w.
2, 3, 7
Suppose -2*n = -4*x - 12, -x - 3 = -2*n - 0*n. Suppose n = -5*z - 1 + 11. Suppose z*s + 3 - 9 = 0. List the prime factors of s.
3
Let k = 7 + 11. What are the prime factors of (1*6/k)/((-2)/(-942))?
157
Let z(t) = -30*t + 4. Let i be z(-3). Let f = -34 + i. What are the prime factors of f?
2, 3, 5
Suppose 0*d + d = -2, -986 = 4*v - 5*d. Let s = -178 - v. List the prime factors of s.
71
Let b(t) = 11*t + 2973. List the prime factors of b(0).
3, 991
Let n(f) = 22*f**2 + 42*f + 10. List the prime factors of n(-4).
2, 97
Let r = -20 - -26. Suppose -r*g = -0*g - 486. List the prime factors of g.
3
Suppose 4*s = t + 7, -5*s + 4*t = 3*t - 9. Suppose 0 = r + s*r - 135. Suppose -4*b = -5*u - r, 2*b + 2*b - 48 = 4*u. What are the prime factors of b?
3, 5
Let z(s) = -2*s**3 - 9*s**2 - 10*s - 43. List the prime factors of z(-7).
2, 17
Let q = 719 + 61. Suppose 6*c + q = 2100. What are the prime factors of c?
2, 5, 11
Let y = -102 - -887. What are the prime factors of y?
5, 157
Suppose 4*w + 948 = 2*s, 0 = 16*s - 12*s + 4*w - 1860. List the prime factors of s.
2, 3, 13
Suppose -2*c = 20 - 12. Let n(m) = -3*m**2 - 2*m**2 + 3 + 5*m**2 + m**2. List the prime factors of n(c).
19
Let x(a) = -a + 240. Let k be x(8). Suppose -r - 3 = 3*f - 12, 11 = 4*f + r. Suppose -5*d - 5*c - 17 = -k, -f*d + 2*c + 78 = 0. What are the prime factors of d?
41
Suppose -5*w - 12*n + 513 = -11*n, -4*n = -3*w + 294. List the prime factors of w.
2, 3, 17
Suppose 12695 = -25*c + 41770. What are the prime factors of c?
1163
Suppose -213*j + 4788 = 5*s - 216*j, 2*s = -4*j + 1936. What are the prime factors of s?
2, 3, 5
Let g = -6 - -8. Suppose -26 = -z - 2*z - u, -g*z + 4*u + 36 = 0. What are the prime factors of z?
2, 5
List the prime factors of (-2870 - 19)*1*-1.
3, 107
Suppose -5*x + 0*x = 4*h + 29, -2*h = -5*x - 23. Suppose -u - 6 = -3*u. Let w = u - h. List the prime factors of w.
2
Let w(n) = 33*n**2 + 30*n - 146. What are the prime factors of w(7)?
41
Suppose 0 = 4*i + 30 - 1230. What are the prime factors of i?
2, 3, 5
Let u = 281 + 102. List the prime factors of u.
383
What are the prime factors of 417 - 5*(5 + -1 - 5)?
2, 211
Suppose 0 = -5*o + 3 + 22. Let a = o - -154. What are the prime factors of a?
3, 53
Let q(t) = t**3 - 2*t**2 + 10*t - 8. List the prime factors of q(6).
2, 7
Suppose -5*p - 10 = 5*k, -5*k - 30 = -2*p - 3*p. Suppose 215 = 3*h - p*j - 38, 3*h = -j + 247. List the prime factors of h.
83
What are the prime factors of (9*1/(-2))/((-7)/532)?
2, 3, 19
What are the prime factors of 425/(-5)*(-6)/10?
3, 17
Suppose -101 = -5*j - 31. Suppose j = 2*x - 52. List the prime factors of x.
3, 11
Let p(q) = -2*q**2 - 66*q**3 + 1 + 112*q**3 - 77*q**3. Let y be p(-1). Suppose a - 75 = d, 197 + y = 3*a - d. List the prime factors of a.
2, 19
Let o = 33 - 33. Suppose -2*d = 4*b - 238, o*b - 186 = -3*b + d. What are the prime factors of b?
61
Let o = -5100 + 9631. What are the prime factors of o?
23, 197
Let h = 610 - 232. What are the prime factors of h?
2, 3, 7
Let a(t) = t**3 - 4*t**2 - 4*t - 2. Let i be a(5). Suppose 10 = i*c - c, 0 = j + 2*c - 31. What are the prime factors of j?
3, 7
What are the prime factors of 6/(-33) + 2/(22/5953)?
541
Suppose m = 2*q, m - q - 27 = -4*m. Suppose -5*n = 0, n - m*n - 10 = -2*f. Suppose -f*k - k = -174. List the prime factors of k.
29
Suppose w - 3*g + 17 = g, -15 = -3*g. Suppose 7*v - w*v - 360 = 0. List the prime factors of v.
2, 3, 5
Let n = -81 - -86. Suppose -2*h + 59 - 19 = d, -2*h + 2*d = -40. List the prime factors of 171/12 - n/h.
2, 7
Let r(x) = -8*x + 9 - 46 - 7*x + 0*x. List the prime factors of r(-14).
173
Let b = 55 + 12. Let p = b - 21. List the prime factors of p.
2, 23
Suppose 0 = l + 1, -4*x = -7*x + l + 295. What are the prime factors of (4/(-14) - 42/(-147)) + x?
2, 7
What are the prime factors of (-1)/(((-16)/711)/16)?
3, 79
Let s be 1002/8 - (-2)/(-8). Let v be s/45 + 4/18. Suppose 0*r + 2*c - 16 = -r, c = v. What are the prime factors of r?
2, 5
Suppose 31857 = -4